{"id":61,"date":"2015-09-13T10:47:59","date_gmt":"2015-09-13T10:47:59","guid":{"rendered":"http:\/\/tohuwabohu-team.de\/?page_id=61"},"modified":"2020-10-29T13:54:27","modified_gmt":"2020-10-29T13:54:27","slug":"auftritte","status":"publish","type":"page","link":"http:\/\/tohuwabohu-team.de\/?page_id=61","title":{"rendered":"Auftritte"},"content":{"rendered":"\n<p>Bald steht ein Gebutrstag, eine Hochzeit, ein Jubil\u00e4um oder ein Fest an und Sie haben noch keine Attraktion des Abends? Kein Problem! Was halten Sie von einer atemberaubenden und mitrei\u00dfenden Rock&#8217;n&#8217;Roll Show. Ihre G\u00e4ste werden sich noch lange an diesen Abend zur\u00fcck erinnern.<\/p>\n\n\n\n<p>Rufen Sie einfach unverbindlich an. Gegen eine kleine Aufwandsentsch\u00e4digung tanzen wir mit einem oder mehreren Paaren einen Auftritt nach Ihren W\u00fcnschen. Tel. 04181 \/ 7479 oder Mail MAV65@web.de (Herr Vogel).<\/p>\n\n\n\n<figure class=\"wp-block-image size-large\"><a href=\"http:\/\/tohuwabohu-team.de\/wp-content\/uploads\/2019\/03\/WhatsApp-Image-2019-03-17-at-21.32.336.jpeg\"><img loading=\"lazy\" decoding=\"async\" width=\"1024\" height=\"768\" src=\"http:\/\/tohuwabohu-team.de\/wp-content\/uploads\/2020\/10\/Foto-20-00-29-1024x768.jpg\" alt=\"\" class=\"wp-image-231\" srcset=\"http:\/\/tohuwabohu-team.de\/wp-content\/uploads\/2020\/10\/Foto-20-00-29-1024x768.jpg 1024w, http:\/\/tohuwabohu-team.de\/wp-content\/uploads\/2020\/10\/Foto-20-00-29-300x225.jpg 300w, http:\/\/tohuwabohu-team.de\/wp-content\/uploads\/2020\/10\/Foto-20-00-29-768x576.jpg 768w, http:\/\/tohuwabohu-team.de\/wp-content\/uploads\/2020\/10\/Foto-20-00-29-1536x1152.jpg 1536w, http:\/\/tohuwabohu-team.de\/wp-content\/uploads\/2020\/10\/Foto-20-00-29.jpg 1600w\" sizes=\"auto, (max-width: 1024px) 100vw, 1024px\" \/><\/a><\/figure>\n\n\n\n<figure class=\"wp-block-gallery columns-2 is-cropped wp-block-gallery-1 is-layout-flex wp-block-gallery-is-layout-flex\"><ul class=\"blocks-gallery-grid\"><li class=\"blocks-gallery-item\"><figure><img loading=\"lazy\" decoding=\"async\" width=\"1024\" height=\"691\" src=\"http:\/\/tohuwabohu-team.de\/wp-content\/uploads\/2019\/03\/WhatsApp-Image-2019-03-17-at-21.32.336-1024x691.jpeg\" alt=\"\" data-id=\"164\" data-full-url=\"http:\/\/tohuwabohu-team.de\/wp-content\/uploads\/2019\/03\/WhatsApp-Image-2019-03-17-at-21.32.336.jpeg\" data-link=\"http:\/\/tohuwabohu-team.de\/?attachment_id=164\" class=\"wp-image-164\" srcset=\"http:\/\/tohuwabohu-team.de\/wp-content\/uploads\/2019\/03\/WhatsApp-Image-2019-03-17-at-21.32.336-1024x691.jpeg 1024w, http:\/\/tohuwabohu-team.de\/wp-content\/uploads\/2019\/03\/WhatsApp-Image-2019-03-17-at-21.32.336-300x202.jpeg 300w, http:\/\/tohuwabohu-team.de\/wp-content\/uploads\/2019\/03\/WhatsApp-Image-2019-03-17-at-21.32.336-768x518.jpeg 768w, http:\/\/tohuwabohu-team.de\/wp-content\/uploads\/2019\/03\/WhatsApp-Image-2019-03-17-at-21.32.336.jpeg 1469w\" sizes=\"auto, (max-width: 1024px) 100vw, 1024px\" \/><\/figure><\/li><li class=\"blocks-gallery-item\"><figure><img loading=\"lazy\" decoding=\"async\" width=\"1024\" height=\"768\" src=\"http:\/\/tohuwabohu-team.de\/wp-content\/uploads\/2019\/03\/WhatsApp-Image-2019-03-17-at-21.32.311-1024x768.jpeg\" alt=\"\" data-id=\"160\" data-full-url=\"http:\/\/tohuwabohu-team.de\/wp-content\/uploads\/2019\/03\/WhatsApp-Image-2019-03-17-at-21.32.311.jpeg\" data-link=\"http:\/\/tohuwabohu-team.de\/?attachment_id=160\" class=\"wp-image-160\" srcset=\"http:\/\/tohuwabohu-team.de\/wp-content\/uploads\/2019\/03\/WhatsApp-Image-2019-03-17-at-21.32.311-1024x768.jpeg 1024w, http:\/\/tohuwabohu-team.de\/wp-content\/uploads\/2019\/03\/WhatsApp-Image-2019-03-17-at-21.32.311-300x225.jpeg 300w, http:\/\/tohuwabohu-team.de\/wp-content\/uploads\/2019\/03\/WhatsApp-Image-2019-03-17-at-21.32.311-768x576.jpeg 768w, http:\/\/tohuwabohu-team.de\/wp-content\/uploads\/2019\/03\/WhatsApp-Image-2019-03-17-at-21.32.311.jpeg 1600w\" sizes=\"auto, (max-width: 1024px) 100vw, 1024px\" \/><\/figure><\/li><\/ul><\/figure>\n","protected":false},"excerpt":{"rendered":"<p>Bald steht ein Gebutrstag, eine Hochzeit, ein Jubil\u00e4um oder ein Fest an und Sie haben noch keine Attraktion des Abends? Kein Problem! Was halten Sie von einer atemberaubenden und mitrei\u00dfenden Rock&#8217;n&#8217;Roll Show. Ihre G\u00e4ste werden sich noch lange an diesen Abend zur\u00fcck erinnern. Rufen Sie einfach unverbindlich an. Gegen eine<\/p>\n","protected":false},"author":4,"featured_media":0,"parent":0,"menu_order":0,"comment_status":"closed","ping_status":"closed","template":"","meta":{"footnotes":""},"class_list":["post-61","page","type-page","status-publish","hentry"],"_links":{"self":[{"href":"http:\/\/tohuwabohu-team.de\/index.php?rest_route=\/wp\/v2\/pages\/61","targetHints":{"allow":["GET"]}}],"collection":[{"href":"http:\/\/tohuwabohu-team.de\/index.php?rest_route=\/wp\/v2\/pages"}],"about":[{"href":"http:\/\/tohuwabohu-team.de\/index.php?rest_route=\/wp\/v2\/types\/page"}],"author":[{"embeddable":true,"href":"http:\/\/tohuwabohu-team.de\/index.php?rest_route=\/wp\/v2\/users\/4"}],"replies":[{"embeddable":true,"href":"http:\/\/tohuwabohu-team.de\/index.php?rest_route=%2Fwp%2Fv2%2Fcomments&post=61"}],"version-history":[{"count":11,"href":"http:\/\/tohuwabohu-team.de\/index.php?rest_route=\/wp\/v2\/pages\/61\/revisions"}],"predecessor-version":[{"id":248,"href":"http:\/\/tohuwabohu-team.de\/index.php?rest_route=\/wp\/v2\/pages\/61\/revisions\/248"}],"wp:attachment":[{"href":"http:\/\/tohuwabohu-team.de\/index.php?rest_route=%2Fwp%2Fv2%2Fmedia&parent=61"}],"curies":[{"name":"wp","href":"https:\/\/api.w.org\/{rel}","templated":true}]}}